8
What is the ten millions digit of 23292011?
2
What is the hundred thousands digit of 2100607?
1
What is the thousands digit of 11648026?
8
What is the ten thousands digit of 14413843?
1
What is the thousands digit of 1992971?
2
What is the hundred thousands digit of 881224?
8
What is the tens digit of 780402?
0
What is the hundred thousands digit of 1075231?
0
What is the hundreds digit of 13112724?
7
What is the hundred thousands digit of 196055?
1
What is the thousands digit of 2088791?
8
What is the units digit of 379633?
3
What is the millions digit of 13781394?
3
What is the hundred thousands digit of 3524662?
5
What is the hundred thousands digit of 11307561?
3
What is the ten thousands digit of 52976?
5
What is the ten thousands digit of 369884?
6
What is the ten thousands digit of 568133?
6
What is the units digit of 86608?
8
What is the units digit of 6066733?
3
What is the ten thousands digit of 49373?
4
What is the units digit of 6907677?
7
What is the units digit of 97305?
5
What is the units digit of 678271?
1
What is the hundred thousands digit of 441502?
4
What is the ten thousands digit of 206465?
0
What is the thousands digit of 11325769?
5
What is the hundreds digit of 85560?
5
What is the thousands digit of 226294?
6
What is the tens digit of 1979294?
9
What is the units digit of 1429371?
1
What is the millions digit of 20388127?
0
What is the tens digit of 26655418?
1
What is the thousands digit of 8005185?
5
What is the ten thousands digit of 345339?
4
What is the tens digit of 348755?
5
What is the ten millions digit of 35510589?
3
What is the thousands digit of 185384?
5
What is the units digit of 39373?
3
What is the thousands digit of 4930159?
0
What is the tens digit of 366962?
6
What is the hundreds digit of 2670379?
3
What is the units digit of 1157803?
3
What is the tens digit of 344590?
9
What is the units digit of 360383?
3
What is the tens digit of 31177118?
1
What is the tens digit of 687705?
0
What is the hundred thousands digit of 652726?
6
What is the tens digit of 2558651?
5
What is the units digit of 3747004?
4
What is the hundred thousands digit of 208762?
2
What is the hundred thousands digit of 1601046?
6
What is the hundreds digit of 9092611?
6
What is the tens digit of 1216364?
6
What is the ten thousands digit of 201495?
0
What is the millions digit of 16707893?
6
What is the tens digit of 375479?
7
What is the hundred thousands digit of 107624?
1
What is the ten millions digit of 24543493?
2
What is the units digit of 25782916?
6
What is the ten thousands digit of 442777?
4
What is the thousands digit of 5677609?
7
What is the units digit of 8933438?
8
What is the ten thousands digit of 10034448?
3
What is the tens digit of 172751?
5
What is the millions digit of 6596744?
6
What is the ten thousands digit of 18886515?
8
What is the hundred thousands digit of 577552?
5
What is the millions digit of 1565427?
1
What is the hundred thousands digit of 349216?
3
What is the millions digit of 8353979?
8
What is the thousands digit of 199248?
9
What is the hundred thousands digit of 14850098?
8
What is the ten thousands digit of 12671931?
7
What is the millions digit of 5299820?
5
What is the hundred thousands digit of 112844?
1
What is the hundreds digit of 863816?
8
What is the thousands digit of 199809?
9
What is the units digit of 10742552?
2
What is the hundred thousands digit of 726371?
7
What is the thousands digit of 841251?
1
What is the thousands digit of 9054405?
4
What is the ten thousands digit of 3778233?
7
What is the thousands digit of 877137?
7
What is the hundreds digit of 42345?
3
What is the hundreds digit of 23171259?
2
What is the hundred thousands digit of 33588833?
5
What is the units digit of 723505?
5
What is the thousands digit of 410037?
0
What is the hundreds digit of 2861453?
4
What is the units digit of 15102607?
7
What is the millions digit of 17752956?
7
What is the tens digit of 17652?
5
What is the units digit of 79282?
2
What is the hundred thousands digit of 364352?
3
What is the thousands digit of 721388?
1
What is the hundreds digit of 426723?
7
What is the hundred thousands digit of 1177394?
1
What is the tens digit of 34208122?
2
What is the hundred thousands digit of 2901680?
9
What is the hundreds digit of 4305688?
6
What is the tens digit of 87802?
0
What is the tens digit of 155153?
5
What is the ten millions digit of 16414037?
1
What is the hundreds digit of 168826?
8
What is the thousands digit of 8312921?
2
What is the ten thousands digit of 4847359?
4
What is the ten thousands digit of 665685?
6
What is the tens digit of 541137?
3
What is the units digit of 3749667?
7
What is the millions digit of 3731396?
3
What is the ten thousands digit of 20206531?
0
What is the thousands digit of 1241993?
1
What is the hundred thousands digit of 156382?
1
What is the ten thousands digit of 771539?
7
What is the ten thousands digit of 820493?
2
What is the hundreds digit of 197226?
2
What is the ten thousands digit of 3043064?
4
What is the thousands digit of 4411344?
1
What is the hundreds digit of 15378361?
3
What is the tens digit of 195500?
0
What is the thousands digit of 895409?
5
What is the hundred thousands digit of 3784957?
7
What is the ten thousands digit of 21225261?
2
What is the tens digit of 455244?
4
What is the ten thousands digit of 4133562?
3
What is the units digit of 23102916?
6
What is the hundreds digit of 327188?
1
What is the thousands digit of 483211?
3
What is the ten thousands digit of 2332294?
3
What is the hundreds digit of 2657797?
7
What is the thousands digit of 296528?
6
What is the hundred thousands digit of 131518?
1
What is the tens digit of 963096?
9
What is the ten thousands digit of 9753549?
5
What is the hundred thousands digit of 14775944?
7
What is the tens digit of 14175984?
8
What is the ten millions digit of 11342739?
1
What is the millions digit of 6952768?
6
What is the thousands digit of 1249550?
9
What is the hundred thousands digit of 900656?
9
What is the tens digit of 148255?
5
What is the ten thousands digit of 4957750?
5
What is the units digit of 2145477?
7
What is the hundred thousands digit of 10435303?
4
What is the ten thousands digit of 39831030?
3
What is the thousands digit of 1512523?
2
What is the hundred thousands digit of 2955853?
9
What is the hundred thousands digit of 3408826?
4
What is the ten thousands digit of 125756?
2
What is the hundreds digit of 1536811?
8
What is the hundred thousands digit of 445059?
4
What is the units digit of 13500555?
5
What is the units digit of 862222?
2
What is the ten thousands digit of 280921?
8
What is the thousands digit of 451190?
1
What is the tens digit of 85823?
2
What is the hundred thousands digit of 15140983?
1
What is the tens digit of 1962230?
3
What is the units digit of 85882?
2
What is the thousands digit of 14672832?
2
What is the tens digit of 59580?
8
What is the ten thousands digit of 341664?
4
What is the millions digit of 8962211?
8
What is the hundred thousands digit of 3014701?
0
What is the hundreds digit of 419312?
3
What is the units digit of 1818112?
2
What is the thousands digit of 2363335?
3
What is the tens digit of 240419?
1
What is the millions digit of 10647550?
0
What is the hundreds digit of 357288?
2
What is the millions digit of 1511295?
1
What is the thousands digit of 2931278?
1
What is the thousands digit of 2720825?
0
What is the thousands digit of 445364?
5
What is the thousands digit of 29838469?
8
What is the tens digit of 1102115?
1
What is the hundreds digit of 3128720?
7
What is the units digit of 1366177?
7
What is the thousands digit of 429440?
9
What is the tens digit of 72389?
8
What is the hundreds digit of 639635?
6
What is the thousands digit of 13129120?
9
What is the hundred thousands digit of 1157720?
1
What is the ten thousands digit of 10951530?
5
What is the hundred thousands digit of 1655435?
6
What is the hundred thousands digit of 5002722?
0
What is the thousands digit of 187616?
7
What is the tens digit of 64014?
1
What is the thousands digit of 355277?
5
What is the thousands digit of 887554?
7
What is the millions digit of 10918371?
0
What is the ten thousands digit of 2256898?
5
What is the thous